k) = 0*k**2 + k + p*k**3 + 0*k - k**2 - 9*k**3 + 10. Give n(0).
10
Let z(m) = m**3 - 7*m**2 - 1. Let j be z(7). Let b = j - -3. Let n(a) = -2 + 8 + 3*a + b*a + 0*a. Calculate n(-4).
-14
Let j(u) = -u**3 - 7*u**2 - 5*u + 8. Let s be j(-6). Let k(l) = -7 - l - 3*l + s*l + 3. What is k(-5)?
6
Let t(m) = m**2 - 22*m + 98. Let o be t(16). Let w(x) = x - 4. Give w(o).
-2
Let r(g) be the first derivative of -1/3*g**3 + 3*g**2 - 3*g - 20. Determine r(5).
2
Let d(f) be the second derivative of f**5/20 - f**4/6 - f**3 + 2*f**2 + 3299*f. Let h(l) = -l**3 + 5*l**2 + 6*l + 4. Let n be h(6). What is d(n)?
12
Let h(f) = -4 - f**2 + 2*f**2 - 8*f - 1 + 10. Let a = 3 - -4. What is h(a)?
-2
Let w(a) be the second derivative of 0 - 5/12*a**4 - 1/24*a**5 + 0*a**2 - a + 1/360*a**6 - 4/3*a**3. Let i(n) be the second derivative of w(n). Calculate i(7).
4
Let f be (-12)/(-15)*2*5. Suppose -4*q - 5*p + 227 = -2*p, -2*q - 3*p = -115. Let l(z) = -z - q - 50 + 118. Determine l(f).
4
Let r(p) = p - 15. Let s(i) = -2*i + 29. Let l(x) = -7*r(x) - 4*s(x). Calculate l(6).
-5
Let d be 3/6*-2 + 3/3. Suppose d*t = 9*t - 27. Let i(f) = -2*f + 3. Calculate i(t).
-3
Let q(g) = g**3 + 3*g**2. Let k = 498 + -502. What is q(k)?
-16
Let b(n) = -n**2 - 6*n - 3. Let j be ((-532)/(-57))/((-1)/(-3)). Suppose 5*g = -4*x - j, -10*x = -4*g - 12*x - 20. What is b(g)?
5
Let p(v) = 2*v - 11. Let w(o) = 2*o - 13. Let s(h) = 4*p(h) - 3*w(h). Calculate s(-7).
-19
Let p(f) be the second derivative of -f**2 + 0 + 1/3*f**4 - 1/3*f**3 - 3/20*f**5 - 30*f. Give p(2).
-14
Suppose 0 = 2*q + 14 - 38. Suppose 0 = 4*a - a + q. Let o(b) = b**2 + 4. Let v(i) = -i**2 + i - 5. Let k(d) = 5*o(d) + 4*v(d). Give k(a).
0
Let k(a) = -a**2 - 7*a - 13*a + 4 + 17*a. Determine k(-7).
-24
Let k = 14 - 9. Let a(m) = -m + 166 - k*m - 168. Give a(-3).
16
Let m(q) = -q + 13. Let u be m(17). Let j(l) = 2*l**2 + 6*l - 3. Calculate j(u).
5
Let a(v) be the third derivative of 1/120*v**6 + 19/6*v**3 + 0 + 0*v**4 + 0*v + 13*v**2 + 0*v**5. Calculate a(0).
19
Let b(s) = 10*s**3 - 2*s**2 + 7*s - 5. Let y(k) = 7*k**3 - 3*k**2 + 5*k - 5. Let t(f) = 2*b(f) - 3*y(f). Let j = 9 - 4. Calculate t(j).
0
Let y(z) = 16 + z + 10 - 22. Give y(-7).
-3
Let l(u) = -4*u - 2. Let a be (4 - 18/12)*-2. Determine l(a).
18
Let l(k) = -2*k**2 - 3*k + 2. Suppose 207 = 4*d - j + 4*j, j - 159 = -3*d. Suppose -2*p - 62 = -d. Determine l(p).
-18
Suppose 99*m + 69*m - 817 = 23. Let g(b) be the second derivative of -b**3/2 + 2*b**2 + b. Calculate g(m).
-11
Let j(t) = 5*t - 27. Let y be j(15). Let w = -51 + y. Let l(p) = -p**3 - 2*p**2 + 4*p. What is l(w)?
-3
Let v(m) = m**3 + 8*m**2 - 33*m - 6. Let g be v(-11). Let u(d) = 2*d**2 + 8*d. Determine u(g).
24
Let d(y) = -2*y. Let b(h) = -3*h**2 - 5*h - 7. Let t(l) = -l**2 - 2*l - 2. Let k(s) = 3*b(s) - 8*t(s). Let v(q) = -d(q) - k(q). Let g = 1 - 1. Give v(g).
5
Let w(b) = -12*b + 6*b + 7*b - 5. Let y = 5 + -7. Let t = y - 4. Calculate w(t).
-11
Suppose 2*p + 9 = -3*g, -3*p - 6 = -5*g - 21. Let x(n) be the third derivative of -1/6*n**4 + 0 - 3*n**2 - 1/6*n**3 + 0*n - 1/60*n**5. What is x(g)?
2
Let i(r) = 2*r - 6. Let c = 12 - 12. Suppose 5*k + 6 = -4*b + 42, -5*b + 4*k + 4 = c. Suppose -q = 2*p - p, -b*p - 2*q + 10 = 0. Give i(p).
4
Let p be -5 - 2/((-20)/30). Let a(x) be the first derivative of -x**4/4 - 2*x**3/3 + x**2 + x + 2. Give a(p).
-3
Let z(d) = -2*d**2 - 3*d + 4. Let u(g) = g**2 + 2*g - 2. Let o(l) = -5*u(l) - 3*z(l). Suppose -2*q + 2*c - 5 = c, 5*c - 25 = 0. What is o(q)?
-2
Let k(y) = -y**3 + 8*y**2 - 8*y + 2. Suppose d = 5*x - 10, 2 - 47 = 2*d - 5*x. Let l = -28 - d. Give k(l).
-5
Let w be (-27)/1 - (-22 + 12 + 3). Let m(u) = u**2 + 19*u - 28. What is m(w)?
-8
Let h(c) = c**2 + 5*c - 3. Suppose -4*t = 3*y + 2, 0 = -5*t + y + 5 + 2. Let q be (44/2 - t)*10/(-30). Determine h(q).
11
Let m(d) = d**2 + 8*d + 3. Suppose 2*b + 3 - 17 = -2*i, 3*b + 4*i = 20. Suppose 0 = b*u + 24 + 40. Calculate m(u).
3
Let r(g) = -2*g - 163 - 160 + 296. Determine r(-20).
13
Let l(h) be the first derivative of -h**3/3 + 3*h**2 - 5*h - 174. Determine l(8).
-21
Let r(n) be the second derivative of -n**3/6 + n**2 - 5*n. Suppose 30*x + 10 = 32*x. Determine r(x).
-3
Suppose -2*g - 1 = -11. Suppose -20 = -g*y, -3*q = -y - 3*y + 13. Let f(d) = -d. Determine f(q).
-1
Let n(h) = 10*h**2 - 22*h**2 - 6 - 6*h + 11*h**2. Let q = -7 - -7. Suppose 18 = -3*t - q*t. Determine n(t).
-6
Suppose -8*k = k + 1053. Let b = -117 - k. Let x(i) = -i**3 - 2. Determine x(b).
-2
Suppose 0*g + g + 6 = 0. Let v be (5 - 2) + -4*(-1 + 0). Let x(s) = 5*s - v*s - 5 + 4. What is x(g)?
11
Let n(p) be the third derivative of -3*p**2 + 0 + 0*p - 1/120*p**6 - 1/40*p**5 + 0*p**4 - 5/6*p**3. Let j(w) be the first derivative of n(w). Determine j(-2).
-6
Let a(f) = -f - 4. Let t(i) = 2*i + 7. Let d(z) = 9*a(z) + 4*t(z). Give d(-3).
-5
Let x(y) = -5*y. Let k be x(-3). Let s be (-16 + k)*(0 - -1). Let c(b) = -2 - 6*b**2 - 2*b**2 + 1 - 2*b. Calculate c(s).
-7
Suppose 0*y - 4 = y - 3*c, -3*c = -3. Let d = -6 - y. Let u(l) = -2 + 0*l - 3*l + 4*l. What is u(d)?
-7
Let j(t) = 6*t**2 + t**3 + 31*t - 20*t - 4*t + 6. Calculate j(-4).
10
Let x(s) = -4*s**2 + 2*s + 5. Let k(b) = 3*b**2 - b - 4. Let c(h) = 5*k(h) + 4*x(h). Suppose -j + 2*j = 0. Suppose 0 = -j*l + 4*l - 16. Give c(l).
-4
Let r = -25 - -41. Let v be 12/r*4 - 5. Let l be 36/(-10) - v/(-5). Let u(z) = z**3 + 3*z**2 - 4*z + 1. Give u(l).
1
Suppose r = -1 - 7. Let a(t) be the third derivative of t**4/24 + 4*t**3/3 - 8*t**2. What is a(r)?
0
Let w(f) = -5 - f + 0 + 1. Let a = -50 - -46. Let v be 0/1 + a + -2. Determine w(v).
2
Let k(j) be the first derivative of -j**4/4 + 2*j**3/3 + j**2 + j + 77. What is k(3)?
-2
Let x(b) = -b**2 - 7*b. Let g(a) = -9*a**2 - 188*a + 16. Let r be g(-21). What is x(r)?
10
Let k(z) = -5 + 5 + 2 - 3135*z + 4 + 3134*z. Give k(10).
-4
Let z(g) be the second derivative of -g**4/12 + 2*g**3/3 - 3*g**2 - g. Suppose 0 = -3*h + 204 - 45. Let m = -49 + h. Calculate z(m).
-6
Suppose 6*v = 66 - 6. Let k be (-18)/(-5) - (-4)/v. Let n(h) = 3*h - 5 - 2 + 7. What is n(k)?
12
Let q(l) = -l**3 - 4*l**2 + 5*l + 6. Suppose 4*z = 0, 0*j - z = 2*j. Let b be 4 + j*(-1)/3. Suppose 0*o = b*o + 20. What is q(o)?
6
Let g(n) be the second derivative of n**7/2520 + n**6/180 - n**5/30 - 4*n**4/3 + 18*n. Let w(z) be the third derivative of g(z). What is w(-6)?
8
Suppose 3*x = -2*x - 3*t - 84, 2*t - 54 = 4*x. Let o(p) = p + 13. Calculate o(x).
-2
Let v be (5 + 5 - 5) + 4. Let w(l) = -l + 9. Determine w(v).
0
Let g(r) = 3*r**2 + 45*r + 3. Let c = -442 + 427. Determine g(c).
3
Let s(a) = -a**2 - 3*a - 3. Let i be -3 - -10*1/2. Suppose -i*z + 3*o = -4*z - 28, -5*z = o + 70. Let w be z/(-49) + 46/(-14). Calculate s(w).
-3
Let k(d) = -317*d + 594*d - 5 - 281*d. Determine k(-2).
3
Let g(m) = 64 - 183 + m + 69 + 60. Let f be -2*(-2)/4 + -6. Give g(f).
5
Suppose 0 = -31*k + 183 - 28. Let v(o) = o**3 - 4*o**2 - 3*o - 3. Determine v(k).
7
Suppose 228 = -12*y + 192. Let n(i) = i**3 + 3*i**2 - i + 4. Calculate n(y).
7
Let d(i) = 13*i + 30. Let v(a) = -1. Let t(x) = d(x) + 5*v(x). Let o(c) = 7*c + 13. Let b(y) = 11*o(y) - 6*t(y). Give b(-3).
-4
Let v = 8 - 5. Let d(p) = 48*p + 44*p - p**2 - 92*p. Determine d(v).
-9
Let f(y) be the third derivative of -1/120*y**6 + 7/24*y**4 + 25*y**2 + 1/12*y**5 + 0*y + 0 + y**3. What is f(6)?
12
Suppose 3*i + 203 = 2*a, 0*a + 2*a + 4*i - 168 = 0. Let k be (-136 + 1)*(-28)/(-70). Let z be (-12)/k + a/(-18). Let j(s) = -s - 5. Give j(z).
0
Let v(a) be the first derivative of -a**3/3 - 3*a**2 + 4*a - 49. Determine v(-7).
-3
Let t(l) be the first derivative of -l**3/3 - 5*l**2/2 + 3. Suppose 0 = 4*a + 6 + 10. Calculate t(a).
4
Let y(u) = -u**3 + 8*u**2 - 6*u - 9. Let i = -3 - -5. Suppose -p - 5 = -m, -i*m + 3*p + 3 = -5*m. Suppose -10 = -3*h + m*x + 3, 3*x + 16 = 4*h. Calculate y(h).
-2
Let x(u) = 4*u**2 - 4*u - 12. Let o(q) = -3*q**2 + 5*q + 11. Let p(d) = -5*o(d) - 4*x(d). Let z(f) be the first derivative of p(f). Determine z(-6).
3
Let d(z) = 161*z**2 + 21*z - 5. Let u(x) = 30*x**2 + 4*x - 1. Let b(h) = 2*d(h) - 11*u(h). Suppose 4 - 9 = -5*y. Calculate b(y).
-9
Let s(f) = 2*f - 310 - 314 - 2*f**2 + 0*f + 625. Give s(5).
-39
Suppose -2*n - 4*d + 7 = -d, 0 = -4*n + d + 21. Let b(x) be the first derivative 